 Let i be q(-6). Let k(z) = 27 + 8 - z**i + 2 + 10*z. Calculate k(13).
-2
Let h(z) = -z**2 + 119*z + 368. Let a be h(-3). Let k(w) = -3 + 0*w - w + 6 + 0*w. Calculate k(a).
1
Let d(r) = -9*r - 1. Let n(l) = 28*l + 2. Let y(h) = 7*d(h) + 2*n(h). Suppose -9*u + 9 = -12*u. Give y(u).
18
Let l(k) = 55*k - 180. Let v(z) = -8*z + 26. Let w(f) = 3*l(f) + 20*v(f). Let x(t) = 2*t - 10. Let g(s) = -3*w(s) + 7*x(s). Give g(-10).
0
Let d(m) = -m**2 - 23*m - 26. Let h be ((-2)/9)/(46/4554). Give d(h).
-4
Let x(m) = 7*m**3 - 14*m**2 - 17*m - 16. Let s(n) = 18*n**3 - 28*n**2 - 37*n - 33. Let t(r) = -2*s(r) + 5*x(r). What is t(-13)?
-40
Let x(j) = j**3 - 15*j**2 + 25. Let f be x(7). Let r = 359 + f. Let l(a) = -a. Calculate l(r).
8
Let v(l) = 3*l - 1. Suppose 5*y - 760 = -3*o, y = o - 0*y - 264. Let k be o/220 + 2/(-11). What is v(k)?
2
Let k(m) = -11*m**2 + 412*m - 9. Let r(i) = -5*i**2 + 183*i - 4. Let g(w) = -4*k(w) + 9*r(w). Let b = 2 - 3. Calculate g(b).
0
Suppose -10 = -w + 2*p, 4*w - 2*p - 34 = 6. Let i = 117 + -115. Suppose -i*z + w - 22 = 0. Let n(q) = -q**2 - 6*q + 8. Give n(z).
8
Let h be (1/(-3) - -2)/((-10)/(-12)). Let q(n) = -n**3 - 6*n + 9*n**h - n + 5*n - 1. What is q(9)?
-19
Suppose 44*y - 151*y + 428 = 0. Let f(z) = -8*z**2 - 7*z + 11. Determine f(y).
-145
Let q(p) be the third derivative of p**4/8 + 2*p**3/3 + p**2. Suppose -n - 768*a = -763*a + 55, -37 = n + 3*a. Determine q(n).
-26
Suppose -y + 4*y - 675 = -585. Let c(z) = -3*z**2 + 89*z + 25. Determine c(y).
-5
Let q(f) = -f**2 - 4*f - 5. Let v = -21 + -30. Let p = -50 - v. Let l be 10/30 + 13*p/(-3). Determine q(l).
-5
Let u(s) be the first derivative of -s**2/2 + 19*s + 95. Let g(j) be the second derivative of -8*j**3/3 - 3*j**2/2 - 4*j. Let v be g(-1). Determine u(v).
6
Let p(c) be the second derivative of 0*c**3 - 2/3*c**4 - 1 + 39*c - 3/2*c**2 + 1/20*c**5. Give p(8).
-3
Let f(b) = -3*b**3 - 4*b**2 - 8*b + 14. Let h(j) = -7*j**3 - 8*j**2 - 18*j + 29. Let x(n) = 9*f(n) - 4*h(n). Give x(5).
35
Let c(r) = r - 3*r + 13 + 11. Let f be (-3 + 2 + -1)*(-140 - -135). Give c(f).
4
Let a(t) = -t**3 + 10*t**2 - 19*t + 26. Let u = -44 - -52. Let o be a(u). Let q(b) = -8*b + 0*b - 5*b - b**3 + 7*b**o + 8*b. What is q(6)?
6
Let q be ((-12)/(-40))/((-7)/(-70)) + 4. Let u(h) = -h**3 + 5*h**2 + 8*h + 16. Give u(q).
-26
Let p(t) = 50*t**2 - 11*t - 105*t**2 + 69 - 9*t + 54*t**2 - 7. Give p(-25).
-63
Let k(y) = 683*y**3 + 18*y**2 - 15*y - 2. Let o(r) = 854*r**3 + 19*r**2 - 16*r - 1. Let x(q) = -5*k(q) + 4*o(q). What is x(13)?
-20
Let m(u) = 6*u**3 - 155*u**2 - 358*u + 594. Let s(w) = w**3 - 31*w**2 - 70*w + 118. Let d(i) = 2*m(i) - 11*s(i). Give d(-29).
6
Let s(u) = -u - 16. Let b = -108 - -120. Suppose -17*j = 2*o - b*j + 36, 5*o + 24 = 4*j. Calculate s(o).
-8
Let l(p) = -12*p**2 - 2*p - 1. Let m(i) = -24*i**2 - 5*i - 2. Let t(r) = -5*l(r) + 2*m(r). Suppose -242*x - s = -244*x - 2, -5*x - 5*s = 5. Give t(x).
13
Let s be (-1)/(2 - 334/166). Let k(j) = 2 + j + 81*j**2 - 3 - j**3 - s*j**2. Let f = -14 - -11. What is k(f)?
5
Let l(s) = -s**2 + 9*s - 14. Let k be (3 + (-12)/6)/((-3)/612). Let d = 211 + k. What is l(d)?
0
Let f(d) be the third derivative of -d**6/120 - d**5/4 - d**4/8 - 29*d**3/6 + 16*d**2 - 35. Calculate f(-15).
16
Let z be (-6)/8*(38 + -42). Let m(f) = 2*f**2 + 5. Determine m(z).
23
Let m(t) be the second derivative of -t**4/12 + t**3 - 2*t**2 + 13*t. Let q = 116 + -92. Suppose 2*c + c = 2*i + q, -4*i = 12. Calculate m(c).
-4
Let z(b) = 56 + 68*b + 81*b - 150*b - 101. What is z(-22)?
-23
Suppose -15*b = -23*b + 16. Let c(u) = -14 - u**b + 0*u + 13 + 2*u - 3*u. Give c(-2).
-3
Let k = 28 + -28. Let t be 1/(3/15) - 8. Let x be 3/t + k - (-3 - 1). Let s(r) = r**3 - 2*r - 1. What is s(x)?
20
Let x = 11 + -5. Let a = 1 + x. Let p(u) = -3*u - 4*u + 0 - 1434*u**3 + 1 - 6*u**2 + 1435*u**3. Determine p(a).
1
Let l(t) = 3*t - 1. Let s be l(1). Let v(r) = -10*r**2 - 5 - 11*r**2 + 22*r**s - 8*r. Suppose 23*g - 109 = -17. Calculate v(g).
-21
Let m = 164 + -162. Let h(d) = 7 - 4*d**2 - 5 + 8*d**2 + m*d + 2*d. What is h(-2)?
10
Let g be (5/4)/((-1)/4). Let j(s) be the second derivative of 24*s + 1/12*s**4 + 0 + 5/6*s**3 + 7/2*s**2. What is j(g)?
7
Let t(z) = -9*z - 6. Let l(y) = 15*y - 20*y - 17 - 21*y. Let n(f) = -6*l(f) + 17*t(f). What is n(1)?
3
Suppose 3 + 7 = 5*j. Let f(u) = -44*u + 12*u + 1 + 14*u + 19*u + 1. Calculate f(j).
4
Let b(o) be the first derivative of -o**4/2 - 5*o**3/3 + 3*o**2 + 4*o + 10848. Determine b(3).
-77
Suppose 19*f - 35 = 41. Suppose 0 = 2*g - 3*g - 2, 0 = f*l + 2*g + 24. Let u(y) = -y**3 + 0*y**2 - 3*y - 8*y**2 + 2*y**2. Determine u(l).
-10
Let n(k) = 165*k**2 - 12*k - 34*k - 311 - 166*k**2 - k. What is n(-39)?
1
Let m = 127 - 112. Let y(w) = -m - 13*w + 11*w + 17. Let g be (4 - 8) + 0/(-2). Give y(g).
10
Let x(c) = 54 - 160 + 61 - 5*c + c. Give x(-15).
15
Suppose 85*w = 75*w. Suppose w = -3*m - 1 - 17. Let i(x) be the third derivative of -x**5/60 - 5*x**4/24 + x**3 - x**2. Determine i(m).
0
Let t(p) be the first derivative of 8 + 7/3*p**3 + 1/4*p**4 + 0*p + 3*p**2. Let w = 9 + -15. Calculate t(w).
0
Suppose -8 - 7 = -5*r. Suppose -120 = r*q - 0*q. Let d = q - -46. Let m(z) = z + 2. Give m(d).
8
Suppose -4*s + p + 22 = 4*p, -5*p = s - 14. Let j(q) = -s*q**3 + 3*q**3 + 4*q - 4*q**2 - 6*q + 0*q + 5. Determine j(-4).
13
Suppose 0 = -8*h - 461 + 85. Let s = h - -50. Let t(l) = -l**2 + 2*l + 2. What is t(s)?
-1
Suppose -15*i - 115 = 35. Let s(u) = -u - 4. Calculate s(i).
6
Let k(n) be the second derivative of n**6/240 - 7*n**5/24 + n**4/2 + 11*n**2 - 27*n. Let r(y) be the third derivative of k(y). Give r(11).
-2
Suppose 2*j - 3 = 1. Let v(t) = -7 - 3*t**2 + 6*t**2 - 2*t**j + 2*t. Let s = 815027 + -815032. Determine v(s).
8
Let b be (-4)/(-6) - (-4)/(-6). Let i(t) be the first derivative of 1/2*t**2 - 3*t - 47. What is i(b)?
-3
Let l(v) = -1 + 17*v + 72*v**2 - 141*v**2 + 68*v**2 + 1 - 1. Give l(17).
-1
Let i(k) = 22*k + 52. Let c(m) = -2*m - 37. Let z be c(-14). Let u(t) = 5*t + 13. Let q(o) = z*u(o) + 2*i(o). Determine q(-11).
-2
Suppose -3*t = -12, -4*w - 16 = -3*w - 3*t. Let g(b) = -6*b - 28. What is g(w)?
-4
Let t(p) = 158*p + 3. Let b(o) = -132*o - 4. Let q(m) = -6*b(m) - 5*t(m). What is q(-4)?
1
Let x be (1/(-2))/(3/(-6)). Let u be (0 - (x + -3)) + 33. Suppose 2*v = -5*c + u, v + 3*v = 2*c - 14. Let p(h) = -h**3 + 8*h**2 - 8*h + 9. Calculate p(c).
2
Let h(r) be the first derivative of 5*r**2/2 + 29*r + 1497. Give h(-4).
9
Let q(o) be the second derivative of 3*o**3 + 54*o**2 - 2*o - 21. Let y be q(-6). Let b(k) = -k**2 + k - 4. Give b(y).
-4
Let g(s) be the third derivative of -s**6/120 + s**5/60 + 10*s**3/3 - s**2 + 386*s. What is g(3)?
2
Let k(r) = 19*r**2 - 20*r + 42. Let a(p) = 10*p**2 - 11*p + 22. Let c(i) = 5*a(i) - 3*k(i). Calculate c(0).
-16
Let x(s) = s**2 - 3*s - 4. Let v be -3 + -1 - (10 - -6)/(-2). Suppose -v*l + 22 = u, -4*u + l + 4 = -4*l. Calculate x(u).
14
Let u(b) = -2*b + 4. Let o = -135 + 137. Let a(j) = j - 2. Let d be a(8). Suppose 3*q + 3*t - 6*t = -d, -o*t + 10 = 0. Give u(q).
-2
Let o = -220 + 217. Let v(n) = 7*n**3 - 15*n**2 + 14*n. Let i(d) = -3*d**3 + 7*d**2 - 6*d. Let l(c) = -9*i(c) - 4*v(c). Give l(o).
6
Let t(i) = -i - 4 + 2 + 3*i. Suppose 234 = 140*w - 466. Calculate t(w).
8
Let i(g) = -g**2 + 11*g - 15. Let t(h) = h**3 + 21*h**2 - 47*h - 17. Let q be t(-23). Determine i(q).
15
Let g(k) = -k**2 - 4*k + 3. Let p(m) = m**2 - 17*m + 33. Let x = -83 - -98. Let j be p(x). What is g(j)?
-18
Let q(h) = h**3 - h**2 - 9. Suppose -33 = 4*n - 3*j, -3*j - 8 = n - 4*j. Let d = -9 - n. Give q(d).
-9
Let y(b) be the third derivative of b**6/120 - b**5/12 + 7*b**4/24 - 3*b**3/2 + 20*b**2 + 2*b. Give y(6).
69
Let j(f) = -45 + 30 + 46*f + 44*f - 105*f - 2*f**2 - 16. Calculate j(-5).
-6
Let x(j) = -8*j. Let u(v) = 88*v**2 + 2*v + 1. Let r be u(-1). Let a = 4360 + -4270. Let o = r - a. What is x(o)?
24
Let b(o) be the second derivative of -o**3/2 - 35*o**2 - 4*o + 489. Give b(-16).
-22
Suppose 0*z - 14*z = -28. Let d(f) = -f**3 - 65 + 6*f**2 + 13 - z*f + 50. Let p be -3*((-15)/9 + 1). Give d(p).
10
Let q be (-126)/(-420) + 2054/20. Suppose 22*x + q = -95. Let l(y) = y**3 + 8*y**2 - 8*y + 8. Calculate l(x).
-1
Let y(j) = -5 - 14 - 6*j - 89*j**2 + 90*j**2 + 4*j. G